{"id":2,"date":"2019-10-15T20:35:14","date_gmt":"2019-10-15T18:35:14","guid":{"rendered":"http:\/\/veterinaire-herbault.fr\/?page_id=2"},"modified":"2024-12-09T15:01:20","modified_gmt":"2024-12-09T14:01:20","slug":"clinique-veterinaire-photo","status":"publish","type":"page","link":"https:\/\/veterinaire-herbault.fr\/index.php\/clinique-veterinaire-herbaut\/clinique-veterinaire-photo\/","title":{"rendered":"La clinique en photo"},"content":{"rendered":"<!-- wp:heading {\"level\":3}--><div class=\"gridContainer\">\n<h3 class=\"wp-block-heading\">D\u00e9couvrez la clinique<\/h3>\n<\/div><!-- \/wp:heading-->\n\n<!-- wp:paragraph--><div class=\"gridContainer\">\n<p>D\u00e9couvrez la clinique v\u00e9t\u00e9rinaire en photo, de nos salles de consultation \u00e0 notre salle de chirurgie en passant par l&rsquo;accueil et le laboratoire d&rsquo;analyses. Parcourez la clinique comme si vous y \u00e9tiez \u00e0 travers ces photos !<\/p>\n<\/div><!-- \/wp:paragraph-->\n\n<!-- wp:button {\"className\":\"is-style-fill alignright\"}--><div class=\"gridContainer\">\n<div class=\"wp-block-button is-style-fill alignright\"><a class=\"wp-block-button__link wp-element-button\" href=\"http:\/\/veterinaire-herbault.fr\/\">Retour \u00e0 l&rsquo;accueil<\/a><\/div>\n<\/div><!-- \/wp:button-->\n\n<!-- wp:gallery {\"linkTo\":\"none\"}--><div class=\"gridContainer\">\n<figure class=\"wp-block-gallery has-nested-images columns-default is-cropped\"><\/figure>\n<\/div><!-- \/wp:gallery-->\n\n<!-- wp:columns--><div class=\"gridContainer\">\n<div class=\"wp-block-columns\"><!-- wp:column--><div class=\"gridContainer\">\n<div class=\"wp-block-column\"><!-- wp:image {\"id\":853,\"sizeSlug\":\"large\",\"linkDestination\":\"none\",\"className\":\"is-style-rounded\"}--><div class=\"gridContainer\">\n<figure class=\"wp-block-image size-large is-style-rounded\"><img loading=\"lazy\" decoding=\"async\" width=\"1024\" height=\"768\" src=\"http:\/\/veterinaire-herbault.fr\/wp-content\/uploads\/2023\/07\/IMG_20230718_203446-1024x768.jpg\" alt=\"clinique v\u00e9t\u00e9rinaire d'herbault\" class=\"wp-image-853\"\/><figcaption class=\"wp-element-caption\">                <strong><em><mark style=\"background-color:rgba(0, 0, 0, 0)\" class=\"has-inline-color has-vivid-cyan-blue-color\">La clinique<\/mark><\/em><\/strong><\/figcaption><\/figure>\n<\/div><!-- \/wp:image--><\/div>\n<\/div><!-- \/wp:column-->\n\n<!-- wp:column--><div class=\"gridContainer\">\n<div class=\"wp-block-column\"><!-- wp:image {\"id\":1006,\"width\":\"400px\",\"sizeSlug\":\"large\",\"linkDestination\":\"none\",\"className\":\"is-style-rounded\"}--><div class=\"gridContainer\">\n<figure class=\"wp-block-image size-large is-resized is-style-rounded\"><img loading=\"lazy\" decoding=\"async\" width=\"1024\" height=\"768\" src=\"http:\/\/veterinaire-herbault.fr\/wp-content\/uploads\/2024\/11\/clinique-cote-1024x768.jpg\" alt=\"\" class=\"wp-image-1006\" style=\"width:400px\" srcset=\"https:\/\/veterinaire-herbault.fr\/wp-content\/uploads\/2024\/11\/clinique-cote-1024x768.jpg 1024w, https:\/\/veterinaire-herbault.fr\/wp-content\/uploads\/2024\/11\/clinique-cote-300x225.jpg 300w, https:\/\/veterinaire-herbault.fr\/wp-content\/uploads\/2024\/11\/clinique-cote-768x576.jpg 768w, https:\/\/veterinaire-herbault.fr\/wp-content\/uploads\/2024\/11\/clinique-cote-1536x1152.jpg 1536w, https:\/\/veterinaire-herbault.fr\/wp-content\/uploads\/2024\/11\/clinique-cote-1232x924.jpg 1232w, https:\/\/veterinaire-herbault.fr\/wp-content\/uploads\/2024\/11\/clinique-cote-1440x1080.jpg 1440w, https:\/\/veterinaire-herbault.fr\/wp-content\/uploads\/2024\/11\/clinique-cote.jpg 1600w\" sizes=\"auto, (max-width: 1024px) 100vw, 1024px\" \/><figcaption class=\"wp-element-caption\"><strong><em><mark style=\"background-color:rgba(0, 0, 0, 0)\" class=\"has-inline-color has-vivid-cyan-blue-color\">Sortie des consultations<\/mark><\/em><\/strong><\/figcaption><\/figure>\n<\/div><!-- \/wp:image--><\/div>\n<\/div><!-- \/wp:column-->\n\n<!-- wp:column--><div class=\"gridContainer\">\n<div class=\"wp-block-column\"><!-- wp:image {\"id\":1019,\"width\":\"400px\",\"sizeSlug\":\"large\",\"linkDestination\":\"none\",\"className\":\"is-style-rounded\"}--><div class=\"gridContainer\">\n<figure class=\"wp-block-image size-large is-resized is-style-rounded\"><img loading=\"lazy\" decoding=\"async\" width=\"1024\" height=\"795\" src=\"http:\/\/veterinaire-herbault.fr\/wp-content\/uploads\/2024\/11\/cropped-cropped-accueil-2-1024x795.jpg\" alt=\"\" class=\"wp-image-1019\" style=\"width:400px\" srcset=\"https:\/\/veterinaire-herbault.fr\/wp-content\/uploads\/2024\/11\/cropped-cropped-accueil-2-1024x795.jpg 1024w, https:\/\/veterinaire-herbault.fr\/wp-content\/uploads\/2024\/11\/cropped-cropped-accueil-2-300x233.jpg 300w, https:\/\/veterinaire-herbault.fr\/wp-content\/uploads\/2024\/11\/cropped-cropped-accueil-2-768x596.jpg 768w, https:\/\/veterinaire-herbault.fr\/wp-content\/uploads\/2024\/11\/cropped-cropped-accueil-2-1536x1192.jpg 1536w, https:\/\/veterinaire-herbault.fr\/wp-content\/uploads\/2024\/11\/cropped-cropped-accueil-2-1232x956.jpg 1232w, https:\/\/veterinaire-herbault.fr\/wp-content\/uploads\/2024\/11\/cropped-cropped-accueil-2-1391x1080.jpg 1391w, https:\/\/veterinaire-herbault.fr\/wp-content\/uploads\/2024\/11\/cropped-cropped-accueil-2.jpg 1841w\" sizes=\"auto, (max-width: 1024px) 100vw, 1024px\" \/><figcaption class=\"wp-element-caption\"><strong><em><mark style=\"background-color:rgba(0, 0, 0, 0)\" class=\"has-inline-color has-vivid-cyan-blue-color\">Accueil<\/mark><\/em><\/strong><\/figcaption><\/figure>\n<\/div><!-- \/wp:image--><\/div>\n<\/div><!-- \/wp:column--><\/div>\n<\/div><!-- \/wp:columns-->\n\n<!-- wp:columns--><div class=\"gridContainer\">\n<div class=\"wp-block-columns\"><!-- wp:column--><div class=\"gridContainer\">\n<div class=\"wp-block-column\"><!-- wp:image {\"id\":1011,\"width\":\"400px\",\"sizeSlug\":\"large\",\"linkDestination\":\"none\",\"className\":\"is-style-rounded\"}--><div class=\"gridContainer\">\n<figure class=\"wp-block-image size-large is-resized is-style-rounded\"><img loading=\"lazy\" decoding=\"async\" width=\"1024\" height=\"768\" src=\"http:\/\/veterinaire-herbault.fr\/wp-content\/uploads\/2024\/11\/consult-2-1024x768.jpg\" alt=\"\" class=\"wp-image-1011\" style=\"width:400px\" srcset=\"https:\/\/veterinaire-herbault.fr\/wp-content\/uploads\/2024\/11\/consult-2-1024x768.jpg 1024w, https:\/\/veterinaire-herbault.fr\/wp-content\/uploads\/2024\/11\/consult-2-300x225.jpg 300w, https:\/\/veterinaire-herbault.fr\/wp-content\/uploads\/2024\/11\/consult-2-768x576.jpg 768w, https:\/\/veterinaire-herbault.fr\/wp-content\/uploads\/2024\/11\/consult-2-1536x1152.jpg 1536w, https:\/\/veterinaire-herbault.fr\/wp-content\/uploads\/2024\/11\/consult-2-1232x924.jpg 1232w, https:\/\/veterinaire-herbault.fr\/wp-content\/uploads\/2024\/11\/consult-2-1440x1080.jpg 1440w, https:\/\/veterinaire-herbault.fr\/wp-content\/uploads\/2024\/11\/consult-2.jpg 1600w\" sizes=\"auto, (max-width: 1024px) 100vw, 1024px\" \/><figcaption class=\"wp-element-caption\"><strong><em><mark style=\"background-color:rgba(0, 0, 0, 0)\" class=\"has-inline-color has-vivid-cyan-blue-color\">Salle de consultation <\/mark><\/em><\/strong><\/figcaption><\/figure>\n<\/div><!-- \/wp:image--><\/div>\n<\/div><!-- \/wp:column-->\n\n<!-- wp:column--><div class=\"gridContainer\">\n<div class=\"wp-block-column\"><!-- wp:image {\"id\":1017,\"width\":\"400px\",\"sizeSlug\":\"large\",\"linkDestination\":\"none\",\"className\":\"is-style-rounded\"}--><div class=\"gridContainer\">\n<figure class=\"wp-block-image size-large is-resized is-style-rounded\"><img loading=\"lazy\" decoding=\"async\" width=\"1024\" height=\"819\" src=\"http:\/\/veterinaire-herbault.fr\/wp-content\/uploads\/2024\/11\/cropped-consult-1-1024x819.jpg\" alt=\"\" class=\"wp-image-1017\" style=\"width:400px\" srcset=\"https:\/\/veterinaire-herbault.fr\/wp-content\/uploads\/2024\/11\/cropped-consult-1-1024x819.jpg 1024w, https:\/\/veterinaire-herbault.fr\/wp-content\/uploads\/2024\/11\/cropped-consult-1-300x240.jpg 300w, https:\/\/veterinaire-herbault.fr\/wp-content\/uploads\/2024\/11\/cropped-consult-1-768x614.jpg 768w, https:\/\/veterinaire-herbault.fr\/wp-content\/uploads\/2024\/11\/cropped-consult-1.jpg 1501w, https:\/\/veterinaire-herbault.fr\/wp-content\/uploads\/2024\/11\/cropped-consult-1-1232x985.jpg 1232w, https:\/\/veterinaire-herbault.fr\/wp-content\/uploads\/2024\/11\/cropped-consult-1-1351x1080.jpg 1351w\" sizes=\"auto, (max-width: 1024px) 100vw, 1024px\" \/><figcaption class=\"wp-element-caption\">         <strong><em><mark style=\"background-color:rgba(0, 0, 0, 0)\" class=\"has-inline-color has-vivid-cyan-blue-color\">Salle de consultation <\/mark><\/em><\/strong><\/figcaption><\/figure>\n<\/div><!-- \/wp:image--><\/div>\n<\/div><!-- \/wp:column-->\n\n<!-- wp:column--><div class=\"gridContainer\">\n<div class=\"wp-block-column\"><!-- wp:image {\"id\":973,\"width\":\"400px\",\"sizeSlug\":\"large\",\"linkDestination\":\"none\",\"className\":\"is-style-rounded\"}--><div class=\"gridContainer\">\n<figure class=\"wp-block-image size-large is-resized is-style-rounded\"><img loading=\"lazy\" decoding=\"async\" width=\"1024\" height=\"768\" src=\"http:\/\/veterinaire-herbault.fr\/wp-content\/uploads\/2024\/10\/prepa-2-1024x768.jpg\" alt=\"\" class=\"wp-image-973\" style=\"width:400px\" srcset=\"https:\/\/veterinaire-herbault.fr\/wp-content\/uploads\/2024\/10\/prepa-2-1024x768.jpg 1024w, https:\/\/veterinaire-herbault.fr\/wp-content\/uploads\/2024\/10\/prepa-2-300x225.jpg 300w, https:\/\/veterinaire-herbault.fr\/wp-content\/uploads\/2024\/10\/prepa-2-768x576.jpg 768w, https:\/\/veterinaire-herbault.fr\/wp-content\/uploads\/2024\/10\/prepa-2-1536x1152.jpg 1536w, https:\/\/veterinaire-herbault.fr\/wp-content\/uploads\/2024\/10\/prepa-2-scaled.jpg 1600w, https:\/\/veterinaire-herbault.fr\/wp-content\/uploads\/2024\/10\/prepa-2-1232x924.jpg 1232w, https:\/\/veterinaire-herbault.fr\/wp-content\/uploads\/2024\/10\/prepa-2-1440x1080.jpg 1440w\" sizes=\"auto, (max-width: 1024px) 100vw, 1024px\" \/><figcaption class=\"wp-element-caption\"><code><kbd>      <\/kbd><\/code><mark style=\"font-weight: bold; font-style: italic; background-color: rgba(0, 0, 0, 0);\" class=\"has-inline-color has-vivid-cyan-blue-color\">Salle de pr\u00e9paration<\/mark><\/figcaption><\/figure>\n<\/div><!-- \/wp:image--><\/div>\n<\/div><!-- \/wp:column--><\/div>\n<\/div><!-- \/wp:columns-->\n\n<!-- wp:columns--><div class=\"gridContainer\">\n<div class=\"wp-block-columns\"><!-- wp:column--><div class=\"gridContainer\">\n<div class=\"wp-block-column\"><!-- wp:image {\"id\":968,\"width\":\"400px\",\"sizeSlug\":\"large\",\"linkDestination\":\"none\",\"className\":\"is-style-rounded\"}--><div class=\"gridContainer\">\n<figure class=\"wp-block-image size-large is-resized is-style-rounded\"><img loading=\"lazy\" decoding=\"async\" width=\"1024\" height=\"768\" src=\"http:\/\/veterinaire-herbault.fr\/wp-content\/uploads\/2024\/10\/chir-1024x768.jpg\" alt=\"\" class=\"wp-image-968\" style=\"width:400px\" srcset=\"https:\/\/veterinaire-herbault.fr\/wp-content\/uploads\/2024\/10\/chir-1024x768.jpg 1024w, https:\/\/veterinaire-herbault.fr\/wp-content\/uploads\/2024\/10\/chir-300x225.jpg 300w, https:\/\/veterinaire-herbault.fr\/wp-content\/uploads\/2024\/10\/chir-768x576.jpg 768w, https:\/\/veterinaire-herbault.fr\/wp-content\/uploads\/2024\/10\/chir-1536x1152.jpg 1536w, https:\/\/veterinaire-herbault.fr\/wp-content\/uploads\/2024\/10\/chir-scaled.jpg 1600w, https:\/\/veterinaire-herbault.fr\/wp-content\/uploads\/2024\/10\/chir-1232x924.jpg 1232w, https:\/\/veterinaire-herbault.fr\/wp-content\/uploads\/2024\/10\/chir-1440x1080.jpg 1440w\" sizes=\"auto, (max-width: 1024px) 100vw, 1024px\" \/><figcaption class=\"wp-element-caption\"><strong><em><mark style=\"background-color:rgba(0, 0, 0, 0)\" class=\"has-inline-color has-vivid-cyan-blue-color\">Salle de chirurgie<\/mark><\/em><\/strong><\/figcaption><\/figure>\n<\/div><!-- \/wp:image--><\/div>\n<\/div><!-- \/wp:column-->\n\n<!-- wp:column--><div class=\"gridContainer\">\n<div class=\"wp-block-column\"><!-- wp:image {\"id\":1004,\"width\":\"400px\",\"sizeSlug\":\"large\",\"linkDestination\":\"none\",\"className\":\"is-style-rounded\"}--><div class=\"gridContainer\">\n<figure class=\"wp-block-image size-large is-resized is-style-rounded\"><img loading=\"lazy\" decoding=\"async\" width=\"1024\" height=\"768\" src=\"http:\/\/veterinaire-herbault.fr\/wp-content\/uploads\/2024\/11\/chenil-1024x768.jpg\" alt=\"\" class=\"wp-image-1004\" style=\"width:400px\" srcset=\"https:\/\/veterinaire-herbault.fr\/wp-content\/uploads\/2024\/11\/chenil-1024x768.jpg 1024w, https:\/\/veterinaire-herbault.fr\/wp-content\/uploads\/2024\/11\/chenil-300x225.jpg 300w, https:\/\/veterinaire-herbault.fr\/wp-content\/uploads\/2024\/11\/chenil-768x576.jpg 768w, https:\/\/veterinaire-herbault.fr\/wp-content\/uploads\/2024\/11\/chenil-1536x1152.jpg 1536w, https:\/\/veterinaire-herbault.fr\/wp-content\/uploads\/2024\/11\/chenil-1232x924.jpg 1232w, https:\/\/veterinaire-herbault.fr\/wp-content\/uploads\/2024\/11\/chenil-1440x1080.jpg 1440w, https:\/\/veterinaire-herbault.fr\/wp-content\/uploads\/2024\/11\/chenil.jpg 1600w\" sizes=\"auto, (max-width: 1024px) 100vw, 1024px\" \/><figcaption class=\"wp-element-caption\"><strong><em><mark style=\"background-color:rgba(0, 0, 0, 0)\" class=\"has-inline-color has-vivid-cyan-blue-color\">Chenil<\/mark><\/em><\/strong><\/figcaption><\/figure>\n<\/div><!-- \/wp:image--><\/div>\n<\/div><!-- \/wp:column-->\n\n<!-- wp:column {\"fontSize\":\"medium\"}--><div class=\"gridContainer\">\n<div class=\"wp-block-column has-medium-font-size\"><!-- wp:image {\"id\":967,\"width\":\"300px\",\"sizeSlug\":\"large\",\"linkDestination\":\"none\",\"className\":\"is-style-rounded\"}--><div class=\"gridContainer\">\n<figure class=\"wp-block-image size-large is-resized is-style-rounded\"><img loading=\"lazy\" decoding=\"async\" width=\"768\" height=\"1024\" src=\"http:\/\/veterinaire-herbault.fr\/wp-content\/uploads\/2024\/10\/chatterie-768x1024.jpg\" alt=\"\" class=\"wp-image-967\" style=\"width:300px\" srcset=\"https:\/\/veterinaire-herbault.fr\/wp-content\/uploads\/2024\/10\/chatterie-768x1024.jpg 768w, https:\/\/veterinaire-herbault.fr\/wp-content\/uploads\/2024\/10\/chatterie-225x300.jpg 225w, https:\/\/veterinaire-herbault.fr\/wp-content\/uploads\/2024\/10\/chatterie-1152x1536.jpg 1152w, https:\/\/veterinaire-herbault.fr\/wp-content\/uploads\/2024\/10\/chatterie-scaled.jpg 1200w, https:\/\/veterinaire-herbault.fr\/wp-content\/uploads\/2024\/10\/chatterie-810x1080.jpg 810w\" sizes=\"auto, (max-width: 768px) 100vw, 768px\" \/><figcaption class=\"wp-element-caption\">                <strong><em><mark style=\"background-color:rgba(0, 0, 0, 0)\" class=\"has-inline-color has-vivid-cyan-blue-color\">Chatterie<\/mark><\/em><\/strong><\/figcaption><\/figure>\n<\/div><!-- \/wp:image--><\/div>\n<\/div><!-- \/wp:column--><\/div>\n<\/div><!-- \/wp:columns-->\n\n<!-- wp:columns--><div class=\"gridContainer\">\n<div class=\"wp-block-columns\"><!-- wp:column--><div class=\"gridContainer\">\n<div class=\"wp-block-column\"><!-- wp:image {\"id\":1014,\"width\":\"400px\",\"sizeSlug\":\"large\",\"linkDestination\":\"none\",\"className\":\"is-style-rounded\"}--><div class=\"gridContainer\">\n<figure class=\"wp-block-image size-large is-resized is-style-rounded\"><img loading=\"lazy\" decoding=\"async\" width=\"1024\" height=\"768\" src=\"http:\/\/veterinaire-herbault.fr\/wp-content\/uploads\/2024\/11\/salle-radio-1024x768.jpg\" alt=\"\" class=\"wp-image-1014\" style=\"width:400px\" srcset=\"https:\/\/veterinaire-herbault.fr\/wp-content\/uploads\/2024\/11\/salle-radio-1024x768.jpg 1024w, https:\/\/veterinaire-herbault.fr\/wp-content\/uploads\/2024\/11\/salle-radio-300x225.jpg 300w, https:\/\/veterinaire-herbault.fr\/wp-content\/uploads\/2024\/11\/salle-radio-768x576.jpg 768w, https:\/\/veterinaire-herbault.fr\/wp-content\/uploads\/2024\/11\/salle-radio-1536x1152.jpg 1536w, https:\/\/veterinaire-herbault.fr\/wp-content\/uploads\/2024\/11\/salle-radio-1232x924.jpg 1232w, https:\/\/veterinaire-herbault.fr\/wp-content\/uploads\/2024\/11\/salle-radio-1440x1080.jpg 1440w, https:\/\/veterinaire-herbault.fr\/wp-content\/uploads\/2024\/11\/salle-radio.jpg 1600w\" sizes=\"auto, (max-width: 1024px) 100vw, 1024px\" \/><figcaption class=\"wp-element-caption\"><strong><em><mark style=\"background-color:rgba(0, 0, 0, 0)\" class=\"has-inline-color has-vivid-cyan-blue-color\">Salle de radiologie et d&rsquo;\u00e9chographie<\/mark><\/em><\/strong><\/figcaption><\/figure>\n<\/div><!-- \/wp:image--><\/div>\n<\/div><!-- \/wp:column-->\n\n<!-- wp:column--><div class=\"gridContainer\">\n<div class=\"wp-block-column\"><!-- wp:image {\"id\":1013,\"width\":\"300px\",\"sizeSlug\":\"large\",\"linkDestination\":\"none\",\"className\":\"is-style-rounded\"}--><div class=\"gridContainer\">\n<figure class=\"wp-block-image size-large is-resized is-style-rounded\"><img loading=\"lazy\" decoding=\"async\" width=\"768\" height=\"1024\" src=\"http:\/\/veterinaire-herbault.fr\/wp-content\/uploads\/2024\/11\/labo-768x1024.jpg\" alt=\"\" class=\"wp-image-1013\" style=\"width:300px\" srcset=\"https:\/\/veterinaire-herbault.fr\/wp-content\/uploads\/2024\/11\/labo-768x1024.jpg 768w, https:\/\/veterinaire-herbault.fr\/wp-content\/uploads\/2024\/11\/labo-225x300.jpg 225w, https:\/\/veterinaire-herbault.fr\/wp-content\/uploads\/2024\/11\/labo-1152x1536.jpg 1152w, https:\/\/veterinaire-herbault.fr\/wp-content\/uploads\/2024\/11\/labo.jpg 1200w, https:\/\/veterinaire-herbault.fr\/wp-content\/uploads\/2024\/11\/labo-810x1080.jpg 810w\" sizes=\"auto, (max-width: 768px) 100vw, 768px\" \/><figcaption class=\"wp-element-caption\"><strong><em><mark style=\"background-color:rgba(0, 0, 0, 0)\" class=\"has-inline-color has-vivid-cyan-blue-color\">Laboratoire<\/mark><\/em><\/strong><\/figcaption><\/figure>\n<\/div><!-- \/wp:image--><\/div>\n<\/div><!-- \/wp:column-->\n\n<!-- wp:column--><div class=\"gridContainer\">\n<div class=\"wp-block-column\"><\/div>\n<\/div><!-- \/wp:column--><\/div>\n<\/div><!-- \/wp:columns-->","protected":false},"excerpt":{"rendered":"<p>D\u00e9couvrez la clinique D\u00e9couvrez la clinique v\u00e9t\u00e9rinaire en photo, de nos salles de consultation \u00e0 notre salle de chirurgie en passant par l&rsquo;accueil et le laboratoire d&rsquo;analyses. Parcourez la clinique comme si vous y \u00e9tiez \u00e0 travers ces photos !<\/p>\n","protected":false},"author":1,"featured_media":0,"parent":9,"menu_order":0,"comment_status":"closed","ping_status":"closed","template":"page-templates\/homepage.php","meta":{"footnotes":""},"class_list":["post-2","page","type-page","status-publish","hentry"],"yoast_head":"<!-- This site is optimized with the Yoast SEO plugin v20.13 - https:\/\/yoast.com\/wordpress\/plugins\/seo\/ -->\n<title>La clinique en photo -<\/title>\n<meta name=\"description\" content=\"D\u00e9couvrez la clinique v\u00e9t\u00e9rinaire d&#039;Herbault en photos, de nos salles de consultation \u00e0 la salle de chirurgie en passant par le labo d&#039;analyses !\" \/>\n<meta name=\"robots\" content=\"index, follow, max-snippet:-1, max-image-preview:large, max-video-preview:-1\" \/>\n<link rel=\"canonical\" href=\"https:\/\/veterinaire-herbault.fr\/index.php\/clinique-veterinaire-herbaut\/clinique-veterinaire-photo\/\" \/>\n<meta property=\"og:locale\" content=\"fr_FR\" \/>\n<meta property=\"og:type\" content=\"article\" \/>\n<meta property=\"og:title\" content=\"La clinique en photo -\" \/>\n<meta property=\"og:description\" content=\"D\u00e9couvrez la clinique v\u00e9t\u00e9rinaire d&#039;Herbault en photos, de nos salles de consultation \u00e0 la salle de chirurgie en passant par le labo d&#039;analyses !\" \/>\n<meta property=\"og:url\" content=\"https:\/\/veterinaire-herbault.fr\/index.php\/clinique-veterinaire-herbaut\/clinique-veterinaire-photo\/\" \/>\n<meta property=\"og:site_name\" content=\"Clinique v\u00e9t\u00e9rinaire de la Gatine - Herbault\" \/>\n<meta property=\"article:modified_time\" content=\"2024-12-09T14:01:20+00:00\" \/>\n<meta property=\"og:image\" content=\"http:\/\/veterinaire-herbault.fr\/wp-content\/uploads\/2023\/07\/IMG_20230718_203446-1024x768.jpg\" \/>\n<meta name=\"twitter:card\" content=\"summary_large_image\" \/>\n<meta name=\"twitter:label1\" content=\"Dur\u00e9e de lecture estim\u00e9e\" \/>\n\t<meta name=\"twitter:data1\" content=\"3 minutes\" \/>\n<script type=\"application\/ld+json\" class=\"yoast-schema-graph\">{\"@context\":\"https:\/\/schema.org\",\"@graph\":[{\"@type\":\"WebPage\",\"@id\":\"https:\/\/veterinaire-herbault.fr\/index.php\/clinique-veterinaire-herbaut\/clinique-veterinaire-photo\/\",\"url\":\"https:\/\/veterinaire-herbault.fr\/index.php\/clinique-veterinaire-herbaut\/clinique-veterinaire-photo\/\",\"name\":\"La clinique en photo -\",\"isPartOf\":{\"@id\":\"https:\/\/veterinaire-herbault.fr\/#website\"},\"datePublished\":\"2019-10-15T18:35:14+00:00\",\"dateModified\":\"2024-12-09T14:01:20+00:00\",\"description\":\"D\u00e9couvrez la clinique v\u00e9t\u00e9rinaire d'Herbault en photos, de nos salles de consultation \u00e0 la salle de chirurgie en passant par le labo d'analyses !\",\"breadcrumb\":{\"@id\":\"https:\/\/veterinaire-herbault.fr\/index.php\/clinique-veterinaire-herbaut\/clinique-veterinaire-photo\/#breadcrumb\"},\"inLanguage\":\"fr-FR\",\"potentialAction\":[{\"@type\":\"ReadAction\",\"target\":[\"https:\/\/veterinaire-herbault.fr\/index.php\/clinique-veterinaire-herbaut\/clinique-veterinaire-photo\/\"]}]},{\"@type\":\"BreadcrumbList\",\"@id\":\"https:\/\/veterinaire-herbault.fr\/index.php\/clinique-veterinaire-herbaut\/clinique-veterinaire-photo\/#breadcrumb\",\"itemListElement\":[{\"@type\":\"ListItem\",\"position\":1,\"name\":\"Accueil\",\"item\":\"http:\/\/veterinaire-herbault.fr\/\"},{\"@type\":\"ListItem\",\"position\":2,\"name\":\"Clinique V\u00e9t\u00e9rinaire d&rsquo;Herbault\",\"item\":\"http:\/\/veterinaire-herbault.fr\/\"},{\"@type\":\"ListItem\",\"position\":3,\"name\":\"La clinique en photo\"}]},{\"@type\":\"WebSite\",\"@id\":\"https:\/\/veterinaire-herbault.fr\/#website\",\"url\":\"https:\/\/veterinaire-herbault.fr\/\",\"name\":\"Clinique v\u00e9t\u00e9rinaire de la Gatine - Herbault\",\"description\":\"Votre clinique v\u00e9t\u00e9rinaire\",\"potentialAction\":[{\"@type\":\"SearchAction\",\"target\":{\"@type\":\"EntryPoint\",\"urlTemplate\":\"https:\/\/veterinaire-herbault.fr\/?s={search_term_string}\"},\"query-input\":\"required name=search_term_string\"}],\"inLanguage\":\"fr-FR\"}]}<\/script>\n<!-- \/ Yoast SEO plugin. -->","yoast_head_json":{"title":"La clinique en photo -","description":"D\u00e9couvrez la clinique v\u00e9t\u00e9rinaire d'Herbault en photos, de nos salles de consultation \u00e0 la salle de chirurgie en passant par le labo d'analyses !","robots":{"index":"index","follow":"follow","max-snippet":"max-snippet:-1","max-image-preview":"max-image-preview:large","max-video-preview":"max-video-preview:-1"},"canonical":"https:\/\/veterinaire-herbault.fr\/index.php\/clinique-veterinaire-herbaut\/clinique-veterinaire-photo\/","og_locale":"fr_FR","og_type":"article","og_title":"La clinique en photo -","og_description":"D\u00e9couvrez la clinique v\u00e9t\u00e9rinaire d'Herbault en photos, de nos salles de consultation \u00e0 la salle de chirurgie en passant par le labo d'analyses !","og_url":"https:\/\/veterinaire-herbault.fr\/index.php\/clinique-veterinaire-herbaut\/clinique-veterinaire-photo\/","og_site_name":"Clinique v\u00e9t\u00e9rinaire de la Gatine - Herbault","article_modified_time":"2024-12-09T14:01:20+00:00","og_image":[{"url":"http:\/\/veterinaire-herbault.fr\/wp-content\/uploads\/2023\/07\/IMG_20230718_203446-1024x768.jpg"}],"twitter_card":"summary_large_image","twitter_misc":{"Dur\u00e9e de lecture estim\u00e9e":"3 minutes"},"schema":{"@context":"https:\/\/schema.org","@graph":[{"@type":"WebPage","@id":"https:\/\/veterinaire-herbault.fr\/index.php\/clinique-veterinaire-herbaut\/clinique-veterinaire-photo\/","url":"https:\/\/veterinaire-herbault.fr\/index.php\/clinique-veterinaire-herbaut\/clinique-veterinaire-photo\/","name":"La clinique en photo -","isPartOf":{"@id":"https:\/\/veterinaire-herbault.fr\/#website"},"datePublished":"2019-10-15T18:35:14+00:00","dateModified":"2024-12-09T14:01:20+00:00","description":"D\u00e9couvrez la clinique v\u00e9t\u00e9rinaire d'Herbault en photos, de nos salles de consultation \u00e0 la salle de chirurgie en passant par le labo d'analyses !","breadcrumb":{"@id":"https:\/\/veterinaire-herbault.fr\/index.php\/clinique-veterinaire-herbaut\/clinique-veterinaire-photo\/#breadcrumb"},"inLanguage":"fr-FR","potentialAction":[{"@type":"ReadAction","target":["https:\/\/veterinaire-herbault.fr\/index.php\/clinique-veterinaire-herbaut\/clinique-veterinaire-photo\/"]}]},{"@type":"BreadcrumbList","@id":"https:\/\/veterinaire-herbault.fr\/index.php\/clinique-veterinaire-herbaut\/clinique-veterinaire-photo\/#breadcrumb","itemListElement":[{"@type":"ListItem","position":1,"name":"Accueil","item":"http:\/\/veterinaire-herbault.fr\/"},{"@type":"ListItem","position":2,"name":"Clinique V\u00e9t\u00e9rinaire d&rsquo;Herbault","item":"http:\/\/veterinaire-herbault.fr\/"},{"@type":"ListItem","position":3,"name":"La clinique en photo"}]},{"@type":"WebSite","@id":"https:\/\/veterinaire-herbault.fr\/#website","url":"https:\/\/veterinaire-herbault.fr\/","name":"Clinique v\u00e9t\u00e9rinaire de la Gatine - Herbault","description":"Votre clinique v\u00e9t\u00e9rinaire","potentialAction":[{"@type":"SearchAction","target":{"@type":"EntryPoint","urlTemplate":"https:\/\/veterinaire-herbault.fr\/?s={search_term_string}"},"query-input":"required name=search_term_string"}],"inLanguage":"fr-FR"}]}},"_links":{"self":[{"href":"https:\/\/veterinaire-herbault.fr\/index.php\/wp-json\/wp\/v2\/pages\/2","targetHints":{"allow":["GET"]}}],"collection":[{"href":"https:\/\/veterinaire-herbault.fr\/index.php\/wp-json\/wp\/v2\/pages"}],"about":[{"href":"https:\/\/veterinaire-herbault.fr\/index.php\/wp-json\/wp\/v2\/types\/page"}],"author":[{"embeddable":true,"href":"https:\/\/veterinaire-herbault.fr\/index.php\/wp-json\/wp\/v2\/users\/1"}],"replies":[{"embeddable":true,"href":"https:\/\/veterinaire-herbault.fr\/index.php\/wp-json\/wp\/v2\/comments?post=2"}],"version-history":[{"count":13,"href":"https:\/\/veterinaire-herbault.fr\/index.php\/wp-json\/wp\/v2\/pages\/2\/revisions"}],"predecessor-version":[{"id":1042,"href":"https:\/\/veterinaire-herbault.fr\/index.php\/wp-json\/wp\/v2\/pages\/2\/revisions\/1042"}],"up":[{"embeddable":true,"href":"https:\/\/veterinaire-herbault.fr\/index.php\/wp-json\/wp\/v2\/pages\/9"}],"wp:attachment":[{"href":"https:\/\/veterinaire-herbault.fr\/index.php\/wp-json\/wp\/v2\/media?parent=2"}],"curies":[{"name":"wp","href":"https:\/\/api.w.org\/{rel}","templated":true}]}}